8216?
2, 107, 83561
What are the prime factors of 542524824?
2, 3, 59, 42571
What are the prime factors of 199022617?
199022617
What are the prime factors of 163388535?
3, 5, 10892569
List the prime factors of 2976891566.
2, 11, 167, 810259
What are the prime factors of 1968676836?
2, 3, 7, 59, 163, 2437
What are the prime factors of 303007306?
2, 7, 21643379
What are the prime factors of 8035530605?
5, 53, 30322757
List the prime factors of 267726687.
3, 89242229
List the prime factors of 29436171.
3, 2909, 3373
List the prime factors of 133792615.
5, 11, 919, 2647
What are the prime factors of 3115401729?
3, 11, 43, 919, 2389
List the prime factors of 76540747.
281, 421, 647
What are the prime factors of 157745372?
2, 19, 191, 10867
What are the prime factors of 7366994?
2, 233, 15809
List the prime factors of 690408789.
3, 7, 37, 888557
List the prime factors of 940794098.
2, 503, 935183
List the prime factors of 14701205.
5, 863, 3407
What are the prime factors of 13154630?
2, 5, 1315463
What are the prime factors of 471214978?
2, 13, 173, 104761
List the prime factors of 3851439059.
13, 296264543
List the prime factors of 178255062.
2, 3, 9903059
List the prime factors of 2245812098.
2, 17, 66053297
What are the prime factors of 96781453?
96781453
What are the prime factors of 107189610?
2, 3, 5, 11, 47, 6911
List the prime factors of 2252526232.
2, 11, 1171, 21859
What are the prime factors of 159943304?
2, 37, 540349
List the prime factors of 71476693.
71476693
What are the prime factors of 1954418466?
2, 3, 7, 11, 13, 325411
List the prime factors of 130418091.
3, 47, 308317
What are the prime factors of 692282073?
3, 7, 32965813
What are the prime factors of 72003561?
3, 7, 1093, 3137
List the prime factors of 2206631913.
3, 89, 359, 23021
List the prime factors of 57878544.
2, 3, 53, 22751
What are the prime factors of 22260189?
3, 7, 1060009
What are the prime factors of 45364486?
2, 79, 287117
List the prime factors of 419477334.
2, 3, 541, 129229
List the prime factors of 38779637.
13, 2983049
List the prime factors of 34114481.
19, 37, 48527
What are the prime factors of 55653807?
3, 11, 1686479
What are the prime factors of 14916564?
2, 3, 13, 31873
List the prime factors of 275457257.
7213, 38189
What are the prime factors of 1291672582?
2, 645836291
List the prime factors of 142577604.
2, 3, 13, 173, 587
List the prime factors of 118787394.
2, 3, 11, 131, 1249
What are the prime factors of 797976294?
2, 3, 17, 1789, 4373
What are the prime factors of 1121377685?
5, 37, 131, 46271
List the prime factors of 202416605.
5, 61, 663661
List the prime factors of 5188409558.
2, 2594204779
List the prime factors of 48589764.
2, 3, 19, 53, 4021
List the prime factors of 10888144.
2, 680509
List the prime factors of 16954414.
2, 8477207
What are the prime factors of 273864767?
11, 24896797
List the prime factors of 1293805791.
3, 17, 61, 73, 211
List the prime factors of 23753221.
23753221
What are the prime factors of 3175167919?
7, 11, 19, 103, 1109
What are the prime factors of 2025182095?
5, 89, 4550971
List the prime factors of 208540219.
19, 10975801
What are the prime factors of 26885061?
3, 7, 59, 2411
What are the prime factors of 249824532?
2, 3, 2551, 8161
What are the prime factors of 45238644?
2, 3, 11, 71, 1609
List the prime factors of 27278269.
27278269
List the prime factors of 221749401.
3, 71, 1041077
What are the prime factors of 608565666?
2, 3, 2797, 36263
List the prime factors of 26241795.
3, 5, 17, 34303
List the prime factors of 703282152.
2, 3, 29303423
List the prime factors of 208136354.
2, 104068177
List the prime factors of 722787637.
11, 13, 37, 136607
List the prime factors of 96378598.
2, 257, 187507
What are the prime factors of 15112500?
2, 3, 5, 13, 31
What are the prime factors of 22134937?
11, 251, 8017
What are the prime factors of 411394266?
2, 3, 97, 235621
List the prime factors of 29537045.
5, 5907409
List the prime factors of 299317586.
2, 31, 4827703
What are the prime factors of 151681119?
3, 293, 172561
List the prime factors of 68022293.
23, 1409, 2099
What are the prime factors of 235400145?
3, 5, 67, 71, 3299
List the prime factors of 29151469.
197, 147977
List the prime factors of 738140597.
31, 3797, 6271
What are the prime factors of 5653254358?
2, 17, 166272187
What are the prime factors of 166903415?
5, 7, 41, 107, 1087
List the prime factors of 935768869.
7, 23, 1307, 4447
What are the prime factors of 317912327?
83, 3830269
What are the prime factors of 73695007?
257, 286751
What are the prime factors of 1400190091?
17, 82364123
What are the prime factors of 1722063023?
1722063023
List the prime factors of 181970238.
2, 3, 43, 823, 857
List the prime factors of 8340372932.
2, 73, 28562921
List the prime factors of 75071327.
75071327
List the prime factors of 635119465.
5, 67, 359, 5281
List the prime factors of 1069031467.
7, 23, 1531, 4337
List the prime factors of 923251418.
2, 23, 103, 194861
What are the prime factors of 60322564?
2, 113, 317, 421
List the prime factors of 1379183610.
2, 3, 5, 7, 67, 83, 1181
List the prime factors of 257910438.
2, 3, 42985073
List the prime factors of 167770859.
167770859
What are the prime factors of 18347096?
2, 251, 9137
List the prime factors of 308175086.
2, 154087543
List the prime factors of 949899122.
2, 283, 1678267
What are the prime factors of 253893451?
7, 5181499
What are the prime factors of 576022275?
3, 5, 2560099
List the prime factors of 814620428.
2, 203655107
List the prime factors of 101443160.
2, 5, 7, 13, 29, 31
List the prime factors of 182211612.
2, 3, 11, 23, 60017
What are the prime factors of 1600538323?
1600538323
List the prime factors of 586992033.
3, 541, 120557
List the prime factors of 542382952.
2, 2251, 30119
List the prime factors of 30350150.
2, 5, 607003
List the prime factors of 34457617.
34457617
What are the prime factors of 307281692?
2, 76820423
List the prime factors of 218681795.
5, 17, 109, 23603
List the prime factors of 23640770.
2, 5, 2364077
What are the prime factors of 75403680?
2, 3, 5, 11, 14281
What are the prime factors of 70860085?
5, 101, 140317
What are the prime factors of 11172833?
7, 107, 2131
List the prime factors of 329754073.
11, 29977643
What are the prime factors of 41936241?
3, 13978747
What are the prime factors of 625494190?
2, 5, 62549419
List the prime factors of 43028638.
2, 43, 500333
What are the prime factors of 70127977?
331, 211867
What are the prime factors of 1757171743?
479, 1321, 2777
What are the prime factors of 2386357217?
37, 7433, 8677
What are the prime factors of 3362794264?
2, 79, 103, 51659
List the prime factors of 1870213491.
3, 19, 43, 53, 4799
List the prime factors of 728141534.
2, 5399, 67433
What are the prime factors of 11081504?
2, 7, 61, 811
What are the prime factors of 1215027126?
2, 3, 67501507
List the prime factors of 1486395743.
7, 107, 283501
List the prime factors of 2708613373.
757, 3578089
What are the prime factors of 1199775769?
1199775769
List the prime factors of 1893044582.
2, 11, 13, 131, 50527
List the prime factors of 68692413.
3, 22897471
What are the prime factors of 196780835?
5, 39356167
What are the prime factors of 710800813?
710800813
List the prime factors of 26165790.
2, 3, 5, 7, 41, 1013
What are the prime factors of 39994272?
2, 3, 138869
What are the prime factors of 300453562?
2, 359, 418459
What are the prime factors of 26769305?
5, 17, 314933
What are the prime factors of 66620737?
1873, 35569
What are the prime factors of 154327581?
3, 17, 389, 2593
List the prime factors of 30060980.
2, 5, 1503049
List the prime factors of 1764576615.
3, 5, 461, 255181
List the prime factors of 68243445.
3, 5, 61, 8287
List the prime factors of 136781824.
2, 59, 283
List the prime factors of 7896305192.
2, 191, 5167739
List the prime factors of 122714885.
5, 47, 522191
List the prime factors of 798878055.
3, 5, 73, 729569
What are the prime factors of 3992467?
17, 234851
List the prime factors of 114141360.
2, 3, 5, 19, 25031
List the prime factors of 3162181.
11, 389, 739
What are the prime factors of 104038600?
2, 5, 520193
What are the prime factors of 43580010?
2, 3, 5, 17, 85451
What are the prime factors of 30048